3745?
True
Is 95 a factor of 415049?
False
Is 100272 a multiple of 860?
False
Is 48501 a multiple of 153?
True
Is 1538844 a multiple of 6?
True
Is 324493 a multiple of 109?
True
Is 104124 a multiple of 3?
True
Is 13 a factor of 880921?
False
Is 108 a factor of 407651?
False
Is 162918 a multiple of 181?
False
Is 795295 a multiple of 29?
False
Is 22 a factor of 2259172?
False
Is 62487 a multiple of 7?
False
Does 209 divide 4304982?
True
Does 10 divide 22290?
True
Does 77 divide 59923?
False
Is 26263777 a multiple of 152?
False
Is 2994900 a multiple of 335?
True
Does 12 divide 341119?
False
Is 780514 a multiple of 7?
True
Is 322 a multiple of 14?
True
Is 391974 a multiple of 12?
False
Is 88 a factor of 26312?
True
Does 71 divide 577969?
False
Is 4183479 a multiple of 333?
True
Is 1165 a factor of 2562845?
False
Is 312 a factor of 2947464?
True
Does 14 divide 46260?
False
Is 289 a factor of 212704?
True
Does 642 divide 7526808?
True
Does 111 divide 790216?
False
Is 23 a factor of 64148?
False
Is 57 a factor of 1777032?
True
Does 2573 divide 25194816?
True
Is 69 a factor of 107433?
True
Does 360 divide 8133120?
True
Is 1917946 a multiple of 195?
False
Is 991 a factor of 10361400?
False
Is 132 a factor of 112332?
True
Does 44 divide 4257459?
False
Does 11 divide 668635?
True
Is 15 a factor of 143805?
True
Is 318 a factor of 49290?
True
Is 10209 a multiple of 123?
True
Is 50 a factor of 1807500?
True
Does 389 divide 774499?
True
Is 63 a factor of 597507?
False
Is 121992 a multiple of 26?
True
Does 39 divide 32756?
False
Is 1423 a multiple of 4?
False
Does 78 divide 2657178?
False
Is 8252055 a multiple of 1407?
True
Does 13 divide 30849?
True
Is 247 a factor of 738511?
False
Is 57 a factor of 88821?
False
Is 884160 a multiple of 5?
True
Does 98 divide 105252?
True
Is 304 a factor of 1132947?
False
Is 17374 a multiple of 5?
False
Does 10 divide 1009612?
False
Is 294958 a multiple of 139?
True
Does 72 divide 23248008?
True
Is 15872 a multiple of 68?
False
Is 21318354 a multiple of 846?
True
Does 336 divide 518736?
False
Is 180 a factor of 3368520?
True
Is 2175400 a multiple of 233?
False
Is 14 a factor of 23252547?
False
Is 108372 a multiple of 44?
True
Is 206853 a multiple of 10?
False
Is 1992034 a multiple of 2?
True
Does 19 divide 18086?
False
Is 20429906 a multiple of 24?
False
Is 192680 a multiple of 130?
False
Is 112 a factor of 281120?
True
Is 26206 a multiple of 8?
False
Is 4960 a multiple of 4?
True
Is 2761983 a multiple of 206?
False
Is 26 a factor of 2243072?
True
Is 140609 a multiple of 53?
True
Is 1046343 even?
False
Does 16 divide 10208496?
True
Is 17216174 a multiple of 788?
False
Does 67 divide 25551616?
False
Is 174720 a multiple of 15?
True
Is 199 a factor of 161787?
True
Is 1860968 a multiple of 56?
False
Is 291153 a multiple of 183?
True
Is 106011 a multiple of 19?
False
Is 17 a factor of 44506?
True
Is 21 a factor of 7503?
False
Is 95 a factor of 18905?
True
Does 15 divide 23370?
True
Is 831421 a multiple of 6?
False
Does 8 divide 369696?
True
Does 665 divide 3322988?
False
Is 10 a factor of 526680?
True
Is 2086776 a multiple of 9?
True
Does 9 divide 516897?
True
Does 14 divide 277827?
False
Does 224 divide 175976?
False
Is 2172394 a multiple of 14?
True
Does 248 divide 3593044?
False
Does 14 divide 391212?
False
Does 96 divide 1897536?
True
Is 34600 a multiple of 100?
True
Is 650 a factor of 22100?
True
Is 2 a factor of 196671?
False
Is 483840 a multiple of 120?
True
Is 2008156 a multiple of 502?
False
Does 4 divide 9072?
True
Is 12 a factor of 1722375?
False
Is 32 a factor of 361460?
False
Is 29563 a multiple of 47?
True
Is 62768 a multiple of 9?
False
Is 848 a factor of 13792720?
True
Is 52 a factor of 6181187?
False
Is 16 a factor of 631760?
True
Is 39 a factor of 592433?
False
Is 18 a factor of 36892?
False
Is 14 a factor of 668094?
True
Is 6 a factor of 3553998?
True
Does 10 divide 5119180?
True
Is 11692957 a multiple of 83?
True
Does 12 divide 346236?
True
Is 86223 a multiple of 123?
True
Is 32844 a multiple of 322?
True
Does 39 divide 2232403?
False
Is 58 a factor of 549665?
False
Does 11 divide 4191719?
False
Does 66 divide 69102?
True
Is 108 a factor of 22124?
False
Is 159 a factor of 475887?
True
Is 1030 a factor of 6302570?
True
Does 28 divide 1018975?
False
Is 7494608 a multiple of 97?
True
Is 7280676 a multiple of 36?
True
Does 23 divide 5401297?
True
Is 20533963 a multiple of 207?
False
Is 137695 a multiple of 5?
True
Does 7 divide 234635?
False
Does 121 divide 1894811?
False
Is 165 a factor of 2503875?
True
Is 18998329 a multiple of 41?
False
Is 170798 a multiple of 158?
True
Is 6 a factor of 6190492?
False
Is 634 a factor of 511004?
True
Does 1480 divide 6452800?
True
Is 3998672 a multiple of 244?
True
Is 14400 a multiple of 20?
True
Is 3481151 a multiple of 1109?
True
Is 231 a factor of 1539665?
False
Does 268 divide 772761?
False
Is 3 a factor of 161954?
False
Is 756 a factor of 4468716?
True
Is 333 a factor of 443223?
True
Is 4099058 a multiple of 86?
False
Is 10652156 a multiple of 266?
False
Is 1501161 a multiple of 148?
False
Is 770 a factor of 1245090?
True
Does 45 divide 551075?
False
Is 30 a factor of 334200?
True
Does 5 divide 191471?
False
Is 1804712 a multiple of 518?
True
Is 60202 a multiple of 6?
False
Is 5210 a multiple of 78?
False
Is 516201 a multiple of 4?
False
Is 85 a factor of 75070?
False
Is 27 a factor of 628533?
True
Is 4007759 a multiple of 623?
True
Is 134 a factor of 625467?
False
Is 7424400 a multiple of 1200?
True
Is 229898 a multiple of 43?
False
Is 172 a factor of 146372?
True
Is 7 a factor of 9966481?
True
Is 31 a factor of 1101926?
True
Does 34 divide 102378?
False
Is 2 a factor of 664319?
False
Does 6 divide 91230?
True
Does 26 divide 1021058?
False
Does 143 divide 35484?
False
Is 7415818 a multiple of 683?
False
Is 6 a factor of 100752?
True
Does 243 divide 241299?
True
Is 123553 a multiple of 2?
False
Is 144 a factor of 45341?
False
Is 249 a factor of 669810?
True
Does 38 divide 548871?
False
Does 10 divide 5799267?
False
Is 34 a factor of 152798?
False
Is 265866 a multiple of 10?
False
Is 937602 a multiple of 358?
True
Is 44 a factor of 6176022?
False
Is 17 a factor of 10307270?
True
Does 84 divide 28129?
False
Does 129 divide 229878?
True
Is 210 a factor of 7687470?
True
Is 161195 a multiple of 48?
False
Is 376597 a multiple of 3?
False
Is 1350272 a multiple of 28?
True
Is 16 a factor of 931424?
True
Is 2358347 a multiple of 317?
False
Is 19 a factor of 2722755?
False
Does 195 divide 193980?
False
Is 111854 a multiple of 6?
False
Is 1304217 a multiple of 19?
True
Does 160 divide 221794?
False
Is 308422 a multiple of 294?
False
Does 12 divide 229464?
True
Does 13 divide 557354?
False
Is 4181897 a multiple of 1183?
False
Does 111 divide 24864?
True
Is 11 a factor of 351490?
False
Is 133 a factor of 49343?
True
Does 1570 divide 6030066?
False
Is 116 a factor of 187688?
True
Is 105 a factor of 526721?
False
Is 14756 a multiple of 7?
True
Does 17 divide 4258087?
False
Is 420999 a multiple of 3?
True
Is 518092 a multiple of 19?
True
Does 14 divide 78559?
False
Is 18 a factor of 4957560?
True
Is 5839050 a multiple of 10?
True
Does 913 divide 1286930?
False
Is 65 a factor of 350740?
True
Is 14 a factor of 406154?
True
Does 8 divide 53648?
True
Is 429835 a multiple of 276?
False
Is 2332199 a multiple of 533?
False
Is 2 a factor of 39553?
False
Is 30 a factor of 560656?
False
Is 150 a factor of 63750?
True
Does 13 divide 13910?
True
Does 524 divide 6055965?
False
Does 90 divide 190260?
True
Does 91 divide 3439436?
True
Does 296 divide 98265?
False
Is 10786104 a multiple of 72?
True
Does 38 divide 499932?
False
Is 4598238 a multiple of 41?
False
Does 11 divide 2111903?
False
Does 37 divide 2541151?
False
Does 409 divide 1116994?
False
Does 13 divide 1109342?
True
Is 312 a factor of 1770912?
True
Is 271 a factor of 266236?
False
Is 1120728 a multiple of 294?
True
Is 59 a factor of 385961?
False
Does 6 divide 3670105?
False
Does 334 divide 116584?
False
Is 38991 a multiple of 123?
True
Is 390 a factor of 2329903?
False
Is 39 a factor of 1121172?
True
Is 66 a factor of 15549864?
True
Does 58 divide 359841?
False
Is 26758 a multiple of 34?
True
Is 13 a factor of 52286?
True
Is 164079 a mu